?
5
What is the hundreds digit of 1943?
9
What is the units digit of 749?
9
What is the units digit of 1635?
5
What is the tens digit of 40126?
2
What is the thousands digit of 7732?
7
What is the thousands digit of 1348?
1
What is the thousands digit of 1260?
1
What is the hundreds digit of 876?
8
What is the units digit of 25181?
1
What is the units digit of 1996?
6
What is the units digit of 6880?
0
What is the thousands digit of 5070?
5
What is the hundreds digit of 168631?
6
What is the units digit of 118703?
3
What is the hundreds digit of 3501?
5
What is the units digit of 1730?
0
What is the tens digit of 60125?
2
What is the thousands digit of 145667?
5
What is the ten thousands digit of 20478?
2
What is the ten thousands digit of 168994?
6
What is the ten thousands digit of 57667?
5
What is the hundreds digit of 17512?
5
What is the units digit of 5794?
4
What is the hundreds digit of 34175?
1
What is the hundreds digit of 105923?
9
What is the units digit of 194?
4
What is the thousands digit of 142845?
2
What is the thousands digit of 33495?
3
What is the thousands digit of 70016?
0
What is the ten thousands digit of 89959?
8
What is the tens digit of 1835?
3
What is the tens digit of 5138?
3
What is the units digit of 6755?
5
What is the thousands digit of 132883?
2
What is the units digit of 177601?
1
What is the units digit of 418?
8
What is the thousands digit of 7631?
7
What is the tens digit of 901?
0
What is the thousands digit of 19533?
9
What is the hundreds digit of 1121?
1
What is the ten thousands digit of 11702?
1
What is the thousands digit of 14026?
4
What is the units digit of 25495?
5
What is the units digit of 9965?
5
What is the thousands digit of 11364?
1
What is the hundreds digit of 5431?
4
What is the hundreds digit of 680?
6
What is the hundreds digit of 370?
3
What is the hundreds digit of 78160?
1
What is the thousands digit of 24572?
4
What is the tens digit of 2622?
2
What is the units digit of 96760?
0
What is the ten thousands digit of 22776?
2
What is the tens digit of 6018?
1
What is the hundreds digit of 114?
1
What is the units digit of 1738?
8
What is the units digit of 1334?
4
What is the units digit of 59873?
3
What is the units digit of 1197?
7
What is the thousands digit of 33446?
3
What is the units digit of 8809?
9
What is the tens digit of 3858?
5
What is the tens digit of 511?
1
What is the tens digit of 2576?
7
What is the hundred thousands digit of 142982?
1
What is the hundreds digit of 130?
1
What is the hundreds digit of 32023?
0
What is the units digit of 54881?
1
What is the thousands digit of 16994?
6
What is the thousands digit of 59616?
9
What is the thousands digit of 25086?
5
What is the hundreds digit of 9908?
9
What is the hundreds digit of 14913?
9
What is the units digit of 4932?
2
What is the units digit of 1272?
2
What is the hundreds digit of 7744?
7
What is the units digit of 3638?
8
What is the tens digit of 23492?
9
What is the tens digit of 16554?
5
What is the tens digit of 257?
5
What is the ten thousands digit of 15386?
1
What is the units digit of 465?
5
What is the hundreds digit of 1211?
2
What is the units digit of 5659?
9
What is the thousands digit of 3961?
3
What is the tens digit of 4405?
0
What is the ten thousands digit of 63231?
6
What is the thousands digit of 1166?
1
What is the units digit of 82656?
6
What is the tens digit of 383?
8
What is the hundreds digit of 7486?
4
What is the ten thousands digit of 50121?
5
What is the ten thousands digit of 17414?
1
What is the hundreds digit of 1020?
0
What is the ten thousands digit of 20478?
2
What is the hundreds digit of 6975?
9
What is the ten thousands digit of 10815?
1
What is the thousands digit of 74353?
4
What is the tens digit of 8736?
3
What is the thousands digit of 6498?
6
What is the tens digit of 1044?
4
What is the ten thousands digit of 12107?
1
What is the ten thousands digit of 174803?
7
What is the hundreds digit of 91299?
2
What is the tens digit of 949?
4
What is the tens digit of 1376?
7
What is the hundreds digit of 1461?
4
What is the thousands digit of 35052?
5
What is the tens digit of 22506?
0
What is the thousands digit of 18629?
8
What is the hundreds digit of 915?
9
What is the hundreds digit of 35268?
2
What is the thousands digit of 1757?
1
What is the tens digit of 1234?
3
What is the hundreds digit of 4584?
5
What is the hundreds digit of 35979?
9
What is the hundred thousands digit of 125844?
1
What is the ten thousands digit of 23351?
2
What is the tens digit of 580?
8
What is the hundreds digit of 1064?
0
What is the tens digit of 29597?
9
What is the units digit of 789?
9
What is the tens digit of 28?
2
What is the tens digit of 183110?
1
What is the ten thousands digit of 103379?
0
What is the hundreds digit of 31134?
1
What is the tens digit of 1563?
6
What is the thousands digit of 5764?
5
What is the tens digit of 5380?
8
What is the thousands digit of 2355?
2
What is the hundreds digit of 1886?
8
What is the hundreds digit of 5388?
3
What is the thousands digit of 36968?
6
What is the units digit of 878?
8
What is the tens digit of 4421?
2
What is the hundreds digit of 46694?
6
What is the hundreds digit of 3639?
6
What is the tens digit of 7569?
6
What is the thousands digit of 56138?
6
What is the units digit of 763?
3
What is the units digit of 2489?
9
What is the tens digit of 444?
4
What is the hundreds digit of 97380?
3
What is the units digit of 17725?
5
What is the units digit of 13949?
9
What is the units digit of 22834?
4
What is the hundreds digit of 774?
7
What is the tens digit of 479?
7
What is the ten thousands digit of 31311?
3
What is the hundreds digit of 1844?
8
What is the hundreds digit of 70356?
3
What is the hundreds digit of 4965?
9
What is the tens digit of 53989?
8
What is the tens digit of 7178?
7
What is the tens digit of 7439?
3
What is the units digit of 18124?
4
What is the tens digit of 3970?
7
What is the units digit of 510?
0
What is the thousands digit of 32521?
2
What is the units digit of 661?
1
What is the hundreds digit of 15824?
8
What is the hundreds digit of 1931?
9
What is the units digit of 7549?
9
What is the units digit of 564?
4
What is the hundreds digit of 3821?
8
What is the tens digit of 668?
6
What is the thousands digit of 3038?
3
What is the thousands digit of 25618?
5
What is the thousands digit of 7786?
7
What is the ten thousands digit of 36346?
3
What is the hundreds digit of 5912?
9
What is the ten thousands digit of 27121?
2
What is the tens digit of 2361?
6
What is the units digit of 180?
0
What is the units digit of 23958?
8
What is the thousands digit of 20742?
0
What is the tens digit of 60133?
3
What is the tens digit of 926?
2
What is the tens digit of 657?
5
What is the thousands digit of 6423?
6
What is the hundreds digit of 19291?
2
What is the tens digit of 1024?
2
What is the thousands digit of 58122?
8
What is the hundreds digit of 4247?
2
What is the thousands digit of 29416?
9
What is the ten thousands digit of 10379?
1
What is the hundreds digit of 4058?
0
What is the hundreds digit of 3491?
4
What is the tens digit of 2387?
8
What is the thousands digit of 6734?
6
What is the units digit of 9587?
7
What is the tens digit of 1575?
7
What is the units digit of 732?
2
What is the hundred thousands digit of 151823?
1
What is the hundreds digit of 3863?
8
What is the hundreds digit of 701?
7
What is the thousands digit of 21416?
1
What is the hundreds digit of 575?
5
What is the ten thousands digit of 28121?
2
What is the tens digit of 30728?
2
What is the tens digit of 6044?
4
What is the tens digit of 94?
9
What is the tens digit of 1857?
5
What is the thousands digit of 6662?
6
What is the thousands digit of 18769?
8
What is the hundreds digit of 52919?
9
What is the tens digit of 1655?
5
What is the hundreds digit of 173623?
6
What is the hundreds digit of 1738?
7
What is the thousands digit of 12615?
2
What is the tens digit of 632?
3
What is the units digit of 3471?
1
What is the tens digit of 1292?
9
What is the thousands digit of 1642?
1
What is the tens digit of 8436?
3
What is the tens digit of 589?
8
What is the ten thousands digit of 129518?
2
What is the tens digit of 31698?
9